y + 14721. Calculate l(8).
-7
Let j(y) = 5127*y - 8247. Determine j(2).
2007
Let v(w) = 1282*w + 179403. Calculate v(-140).
-77
Let x(d) = -1760*d + 357281. Calculate x(203).
1
Let d(h) = 75*h**2 - 1079*h + 345. Determine d(14).
-61
Let g(t) = -37*t**3 - t**2 + 24*t + 23. Determine g(3).
-913
Let z(h) = -5*h**3 - 190*h**2 + 9464*h + 359623. Determine z(-38).
-9
Let m(f) = 242596*f - 242591. Determine m(1).
5
Let u(g) = 10*g**2 + 569*g + 8135. What is u(-29)?
44
Let f(g) = 7*g**3 - 13*g**2 - 40*g + 19. What is f(-3)?
-167
Let a(f) = 150*f - 4288. What is a(30)?
212
Let y(c) = -c**2 - 106*c - 2494. What is y(-35)?
-9
Let u(a) = 872*a + 25378. What is u(-28)?
962
Let x(g) = 11632*g + 104682. What is x(-9)?
-6
Let g(c) = 4257*c - 8658. What is g(2)?
-144
Let l(b) = -b**3 - 34*b**2 - 346*b - 1005. What is l(-11)?
18
Let k(o) = 137991*o - 275982. Give k(2).
0
Let o(y) = 77*y - 2230. What is o(26)?
-228
Let u(q) = q**3 - 61*q**2 + 180*q - 343. Calculate u(58).
5
Let h(r) = -4093*r + 426511. Give h(104).
839
Let c(x) = -x**2 - 851*x - 135855. Calculate c(-213).
39
Let c(r) = -r**3 - 22*r**2 - 144*r - 2143. Determine c(-19).
-490
Let y(h) = -17*h**2 - 431*h + 336. Give y(-26).
50
Let k(x) = 10*x**2 + 117*x + 26. What is k(-10)?
-144
Let f(w) = 154*w**2 - 110*w - 237. What is f(-3)?
1479
Let g(q) = -6224*q + 87287. Give g(14).
151
Let d(b) = 105*b**2 + 1949*b + 7801. What is d(-4)?
1685
Let w(d) = d**3 + 719*d**2 - 8683*d - 1079. Determine w(12).
-11
Let z(d) = -4478*d + 3022702. Calculate z(675).
52
Let g(x) = 1457*x + 748905. Determine g(-514).
7
Let m(d) = -d**3 + 71*d**2 + 1329*d + 5463. What is m(87)?
-18
Let b(m) = m**2 + 160*m + 2945. What is b(-146)?
901
Let v(n) = 7*n**3 + 90*n**2 + 33*n - 12. Give v(0).
-12
Let x(k) = -33758*k - 371342. Determine x(-11).
-4
Let f(z) = -91*z**2 - 124*z + 118. Determine f(1).
-97
Let v(s) = 2472*s + 24355. What is v(-11)?
-2837
Let v(s) = 6*s**2 + 66*s + 104. What is v(-10)?
44
Let p(q) = -q**3 - 79*q**2 - 217*q + 607. Give p(-76).
-229
Let d(o) = -3831*o - 8633. Give d(-3).
2860
Let h(w) = 5*w**2 + 110*w - 1484. Calculate h(8).
-284
Let v(d) = -2426*d - 307640. Calculate v(-127).
462
Let j(t) = -3*t**3 - 67*t**2 + 242*t - 1123. Determine j(-26).
21
Let n(q) = -29*q**2 - 485*q - 1974. What is n(-10)?
-24
Let b(m) = 11399*m - 11684. Determine b(1).
-285
Let i(h) = 37*h**3 + 36*h**2 + 75*h - 4. Determine i(-2).
-306
Let q(r) = 833*r**2 + 27466*r - 763. Calculate q(-33).
-4
Let x(r) = -69283*r + 623541. Determine x(9).
-6
Let j(c) = -29*c**2 + 415*c - 967. Determine j(3).
17
Let u(v) = -955585*v + 7644652. Determine u(8).
-28
Let m(n) = n**2 - 662*n + 58485. Calculate m(105).
0
Let g(z) = -324*z + 5396. Determine g(18).
-436
Let c(o) = o**3 - 5*o**2 + 17*o - 389. Give c(9).
88
Let h(b) = 141*b**2 - 7326*b - 467. Determine h(52).
-155
Let v(u) = 12*u**2 + 1967*u - 5763. What is v(-167)?
416
Let t(z) = -25*z**2 + 42*z + 4. Give t(3).
-95
Let u(h) = -18*h**2 + 1550*h + 252142. What is u(169)?
-6
Let h(w) = -w**3 + 33*w**2 - 70*w + 423. Give h(30).
1023
Let y(c) = -c**3 + 123*c**2 - 222*c + 12132. Give y(122).
-68
Let z(f) = -f**2 - 1308*f - 75. What is z(0)?
-75
Let k(m) = 1424*m + 5596. Determine k(-4).
-100
Let d(a) = 12*a**3 - 123*a**2 + 327*a - 61. Determine d(5).
-1
Let w(g) = 4*g**2 + 351*g - 13628. What is w(-117)?
61
Let u(h) = -2*h**3 - 552*h**2 + 1652*h - 6141. Determine u(-279).
-3
Let u(r) = 36*r**2 + 10*r - 18. What is u(-3)?
276
Let l(p) = p**3 - 130*p**2 - 262039*p - 3600. Give l(-451).
8
Let s(f) = -4*f**2 - 269*f - 3770. Calculate s(-14).
-788
Let q(y) = -602*y + 15060. Give q(25).
10
Let a(j) = -1425273*j - 18528551. What is a(-13)?
-2
Let f(m) = -103*m**2 + 62440*m - 124873. Determine f(2).
-405
Let u(y) = -3*y**2 - 244932*y - 1224573. Give u(-5).
12
Let g(t) = -48*t**2 + 3947*t + 38299. Give g(91).
-12
Let o(p) = -4*p**3 - 540*p**2 + 544*p + 600. Determine o(-136).
600
Let r(b) = 1023*b - 21516. Calculate r(21).
-33
Let m(j) = j**3 - 3*j**2 - 45*j + 74. What is m(-6)?
20
Let i(d) = -d**3 + 50*d**2 - 707*d + 5388. Give i(34).
-154
Let d(i) = -983*i - 108332. Calculate d(-110).
-202
Let a(h) = 4619*h - 591121. Calculate a(128).
111
Let x(h) = -436*h + 10479. Give x(24).
15
Let y(f) = f**3 - 2*f**2 - 82*f - 74. Calculate y(-7).
59
Let h(d) = -d**3 - 107*d**2 - 431*d - 2155. What is h(-103)?
-198
Let u(c) = c**2 - 323*c - 7989. What is u(-23)?
-31
Let j(z) = -12*z**2 - 1245*z + 8752. Determine j(7).
-551
Let s(i) = -2*i**3 + 145*i**2 + 70*i - 220. Give s(73).
-439
Let j(b) = 560*b**2 - 13439*b + 78. Determine j(24).
102
Let u(p) = -10343*p + 961900. Determine u(93).
1
Let u(f) = 458*f + 89771. Calculate u(-196).
3
Let f(k) = 17986*k + 5593653. Give f(-311).
7
Let m(s) = s**2 + 16*s - 2084. Determine m(-54).
-32
Let m(l) = 29*l**2 + 1698*l + 2540. What is m(-57)?
-25
Let l(o) = -o**3 - 387*o**2 - 691*o + 149. Give l(-2).
-9
Let j(a) = -3*a**2 - 9341*a - 6. Give j(0).
-6
Let u(h) = -205*h**2 + 58303*h - 58304. Determine u(1).
-206
Let r(o) = 12*o**3 - 112*o**2 + 304*o - 26. Give r(8).
1382
Let g(j) = -j**2 + 271*j + 1322. What is g(-5)?
-58
Let f(x) = -584*x + 7468. What is f(11)?
1044
Let w(h) = 10239*h - 61452. Give w(6).
-18
Let z(k) = -1121131*k + 3363398. Give z(3).
5
Let d(c) = 325*c - 8935. Calculate d(29).
490
Let f(s) = 9*s**3 - 1683*s**2 + 20*s - 3737. Give f(187).
3
Let c(z) = 5*z**3 + 44*z**2 + 47*z + 208. What is c(-12)?
-2660
Let h(i) = -i**3 + 4*i**2 + 1344*i - 4053. Determine h(3).
-12
Let m(z) = z**3 + 5*z**2 + 18*z + 79. Calculate m(-10).
-601
Let k(r) = r**3 - 59*r**2 - 139*r + 11164. Calculate k(59).
2963
Let s(q) = -3*q**3 - 162*q**2 - 1102*q - 81. What is s(-46)?
-173
Let b(r) = 2142*r - 40711. What is b(19)?
-13
Let p(i) = 31606*i + 63239. Determine p(-2).
27
Let o(d) = 7*d**3 + 66*d**2 - 31*d - 268. Determine o(-10).
-358
Let z(h) = -54*h**2 + 632*h + 161. Give z(10).
1081
Let c(t) = 3*t**2 + 55*t - 23064. Determine c(79).
4
Let p(g) = -g**3 + 17*g**2 - 138*g + 1348. Calculate p(14).
4
Let a(f) = -558*f - 39105. Determine a(-70).
-45
Let r(s) = 1319*s + 43489. Determine r(-33).
-38
Let z(c) = -1574*c + 65015. Determine z(42).
-1093
Let m(w) = -w**3 + 10*w**2 + 14352*w - 16. Calculate m(0).
-16
Let s(a) = 9*a**2 + 17*a - 21. Determine s(-3).
9
Let b(q) = -q**3 - 62*q**2 + 1063*q - 123. What is b(-76)?
-47
Let j(r) = 123*r**2 - 1440*r + 504. Calculate j(12).
936
Let x(g) = -384*g**2 - 283*g + 150. Calculate x(-1).
49
Let d(y) = -23*y**2 - 80*y - 58. What is d(-2)?
10
Let o(v) = -v**3 - 21*v**2 + 125*v + 181. Determine o(-28).
2169
Let u(k) = -2*k**3 - 6*k**2 - 221*k - 1207. Determine u(-5).
-2
Let y(f) = 1965*f**3 + 2*f**2 + 43. Give y(0).
43
Let v(i) = -i**3 - 34*i**2 + 2629*i + 153. What is v(-71)?
11
Let k(z) = -41*z**2 + 965*z + 696. Give k(25).
-804
Let c(w) = -25*w**3 + 3*w**2 - 448*w - 1396. What is c(-3)?
650
Let n(y) = 105*y**3 + 28*y**2 - 73*y + 34. Give n(2).
840
Let a(g) = -2*g**3 - 83*g**2 - 337*g + 3. Calculate a(-4).
151
Let a(c) = -c**2 + 1466*c + 223048. What is a(-139)?
-47
Let n(f) = -3*f**2 - 454*f + 2697. Determine n(6).
-135
Let h(l) = -2*l**3 - 427*l**2 - 1877*l - 37. Determine h(-209).
-873
Let u(y) = -48561*y + 194249. Give u(4).
5
Let k(b) = b**3 - 17*b**2 - 90*b - 3915. What is k(26)?
-171
Let b(t) = -t**3 + 120*t**2 - 1004*t + 15. What is b(9)?
-30
Let l(a) = -1310651*a - 1310651. Determine l(-1).
0
Let l(c) = 44098*c - 264588. Calculate l(6).
0
Let u(g) = 13*g**2 + 499*g + 2645. Give u(-7).
-211
Let n(d) = 17*d**3 - 689*d**2 - 332*d + 168. What is n(41)?
4
Let a(m) = -96592*m - 289770. Determine a(-3).
6
Let j(x) = x**2 - 1053*x + 92653. Calculate j(97).
-79
Let d(x) = 2241*x + 17980. Give d(-8).
52
Let l(o) = -4*o**3 - 779*o**2 - 1356*o - 933. Determine l(-193).
32
Let x(b) = 128534*b + 8740282. What is x(-68)?
-30
Let z(g) = -3592*g - 18217. Calculate z(-5).
-257
Let m(i) = -11*i**2 - 116*i + 153. Give m(-11).
98
Let l(j) = j**3 + 880*j**2 + 13039*j + 962. Determine l(-15).
2
Let k(a) = 48*a**2 + 167220*a - 167221. Give k(1).
47
Let a(l) = 71773*l - 358835. Calculate a(5).
30
Let d(p) = -7*p**3 - 172*p**2 - 100*p - 109. Give d(-24).
-13
Let q(u) = 189*u**3 - 19*u**2 + 36*u + 139. Calculate q(-2).
-1521
Let x(h) = -2*h**3 - 88*h**2 - 161*h - 122. W